10
What is the remainder when 17547 is divided by 23?
21
What is the remainder when 89 is divided by 15?
14
What is the remainder when 721 is divided by 38?
37
What is the remainder when 655 is divided by 30?
25
What is the remainder when 307 is divided by 12?
7
What is the remainder when 182 is divided by 8?
6
Calculate the remainder when 299 is divided by 90.
29
What is the remainder when 4522 is divided by 25?
22
Calculate the remainder when 23 is divided by 2.
1
Calculate the remainder when 75 is divided by 14.
5
Calculate the remainder when 3 is divided by 2.
1
What is the remainder when 484 is divided by 149?
37
What is the remainder when 172 is divided by 16?
12
Calculate the remainder when 91 is divided by 50.
41
Calculate the remainder when 320 is divided by 63.
5
Calculate the remainder when 1467 is divided by 482.
21
What is the remainder when 531 is divided by 76?
75
What is the remainder when 263 is divided by 30?
23
What is the remainder when 70 is divided by 21?
7
What is the remainder when 486 is divided by 242?
2
What is the remainder when 128 is divided by 12?
8
What is the remainder when 3679 is divided by 40?
39
What is the remainder when 1263 is divided by 516?
231
Calculate the remainder when 580 is divided by 109.
35
Calculate the remainder when 71 is divided by 25.
21
Calculate the remainder when 1103 is divided by 46.
45
Calculate the remainder when 137 is divided by 35.
32
What is the remainder when 8433 is divided by 72?
9
What is the remainder when 4131 is divided by 1377?
0
What is the remainder when 86 is divided by 6?
2
Calculate the remainder when 153 is divided by 70.
13
What is the remainder when 134 is divided by 14?
8
Calculate the remainder when 142 is divided by 35.
2
Calculate the remainder when 576 is divided by 42.
30
What is the remainder when 338 is divided by 72?
50
What is the remainder when 1935 is divided by 642?
9
Calculate the remainder when 23 is divided by 8.
7
What is the remainder when 6534 is divided by 14?
10
What is the remainder when 125 is divided by 14?
13
Calculate the remainder when 321 is divided by 18.
15
Calculate the remainder when 106 is divided by 12.
10
What is the remainder when 4023 is divided by 252?
243
What is the remainder when 709 is divided by 389?
320
Calculate the remainder when 127 is divided by 17.
8
What is the remainder when 534 is divided by 11?
6
What is the remainder when 112 is divided by 35?
7
What is the remainder when 235 is divided by 65?
40
Calculate the remainder when 173 is divided by 8.
5
Calculate the remainder when 1683 is divided by 28.
3
What is the remainder when 1846 is divided by 530?
256
Calculate the remainder when 258 is divided by 108.
42
What is the remainder when 297 is divided by 145?
7
What is the remainder when 223 is divided by 214?
9
What is the remainder when 527 is divided by 10?
7
Calculate the remainder when 138 is divided by 36.
30
Calculate the remainder when 2278 is divided by 4.
2
Calculate the remainder when 123 is divided by 29.
7
Calculate the remainder when 5653 is divided by 25.
3
Calculate the remainder when 1586 is divided by 114.
104
Calculate the remainder when 182 is divided by 62.
58
Calculate the remainder when 1433 is divided by 428.
149
Calculate the remainder when 107 is divided by 7.
2
What is the remainder when 627 is divided by 159?
150
Calculate the remainder when 2389 is divided by 104.
101
Calculate the remainder when 1340 is divided by 11.
9
What is the remainder when 771 is divided by 20?
11
Calculate the remainder when 3033 is divided by 1007.
12
What is the remainder when 58 is divided by 33?
25
Calculate the remainder when 239 is divided by 41.
34
What is the remainder when 1070 is divided by 473?
124
Calculate the remainder when 315 is divided by 45.
0
What is the remainder when 422 is divided by 25?
22
Calculate the remainder when 23 is divided by 23.
0
What is the remainder when 219 is divided by 105?
9
What is the remainder when 24 is divided by 14?
10
What is the remainder when 96 is divided by 3?
0
What is the remainder when 414 is divided by 139?
136
What is the remainder when 847 is divided by 163?
32
What is the remainder when 662 is divided by 34?
16
Calculate the remainder when 677 is divided by 10.
7
What is the remainder when 3579 is divided by 10?
9
What is the remainder when 1307 is divided by 7?
5
Calculate the remainder when 179 is divided by 45.
44
Calculate the remainder when 3079 is divided by 79.
77
Calculate the remainder when 359 is divided by 92.
83
Calculate the remainder when 92 is divided by 5.
2
What is the remainder when 2022 is divided by 75?
72
What is the remainder when 3792 is divided by 26?
22
Calculate the remainder when 5032 is divided by 50.
32
Calculate the remainder when 136 is divided by 14.
10
What is the remainder when 111 is divided by 31?
18
Calculate the remainder when 269 is divided by 95.
79
What is the remainder when 74 is divided by 72?
2
Calculate the remainder when 518 is divided by 96.
38
What is the remainder when 1736 is divided by 79?
77
What is the remainder when 379 is divided by 123?
10
What is the remainder when 255 is divided by 16?
15
What is the remainder when 4828 is divided by 9?
4
Calculate the remainder when 35 is divided by 19.
16
What is the remainder when 2164 is divided by 2?
0
What is the remainder when 804 is divided by 135?
129
Calculate the remainder when 613 is divided by 202.
7
What is the remainder when 1613 is divided by 95?
93
Calculate the remainder when 205 is divided by 52.
49
Calculate the remainder when 296 is divided by 77.
65
Calculate the remainder when 288 is divided by 104.
80
What is the remainder when 350 is divided by 103?
41
What is the remainder when 568 is divided by 93?
10
Calculate the remainder when 303 is divided by 38.
37
Calculate the remainder when 55 is divided by 44.
11
What is the remainder when 62 is divided by 21?
20
What is the remainder when 229 is divided by 58?
55
Calculate the remainder when 1433 is divided by 35.
33
Calculate the remainder when 42 is divided by 16.
10
Calculate the remainder when 2220 is divided by 39.
36
What is the remainder when 187 is divided by 4?
3
What is the remainder when 271 is divided by 36?
19
Calculate the remainder when 1228 is divided by 56.
52
What is the remainder when 64 is divided by 41?
23
Calculate the remainder when 1699 is divided by 37.
34
Calculate the remainder when 1284 is divided by 638.
8
What is the remainder when 203 is divided by 9?
5
Calculate the remainder when 15 is divided by 13.
2
What is the remainder when 441 is divided by 34?
33
Calculate the remainder when 1458 is divided by 48.
18
Calculate the remainder when 206 is divided by 8.
6
What is the remainder when 237 is divided by 9?
3
Calculate the remainder when 8249 is divided by 37.
35
Calculate the remainder when 2099 is divided by 698.
5
Calculate the remainder when 227 is divided by 51.
23
Calculate the remainder when 965 is divided by 23.
22
What is the remainder when 3238 is divided by 24?
22
What is the remainder when 188 is divided by 48?
44
What is the remainder when 60 is divided by 12?
0
What is the remainder when 259 is divided by 39?
25
Calculate the remainder when 946 is divided by 13.
10
Calculate the remainder when 1497 is divided by 744.
9
Calculate the remainder when 52 is divided by 9.
7
Calculate the remainder when 89 is divided by 71.
18
What is the remainder when 864 is divided by 389?
86
Calculate the remainder when 954 is divided by 30.
24
What is the remainder when 1634 is divided by 47?
36
Calculate the remainder when 4309 is divided by 77.
74
What is the remainder when 67 is divided by 54?
13
What is the remainder when 450 is divided by 71?
24
What is the remainder when 170 is divided by 8?
2
What is the remainder when 14738 is divided by 10?
8
Calculate the remainder when 141 is divided by 74.
67
What is the remainder when 69 is divided by 22?
3
What is the remainder when 62 is divided by 21?
20
Calculate the remainder when 487 is divided by 35.
32
Calculate the remainder when 88 is divided by 43.
2
What is the remainder when 189 is divided by 86?
17
What is the remainder when 627 is divided by 14?
11
What is the remainder when 120 is divided by 31?
2